rs of c(2).
3, 17
List the prime factors of 2 + ((-6479)/(-2))/(-11)*-2.
3, 197
Let x(v) = 6*v**2 + 10*v + 18. What are the prime factors of x(-2)?
2, 11
Let r(s) = 6*s**3 + 5*s**2 + 4*s - 22. List the prime factors of r(4).
2, 229
What are the prime factors of 7672*(-4)/(-8) + 12?
2, 13, 37
Suppose -l = j - 170, 0 = l - 8*j + 4*j - 190. Suppose 0 = -4*d + 5*d - l. Let w = d - 120. List the prime factors of w.
2, 3
Let i = -2 - -10. Let q(l) = l**3 - 8*l**2 + l + 1. Let y be q(i). Suppose y*h = 4*h + 25. List the prime factors of h.
5
Suppose 2*d = 3*d - 5, -3*l + 2*d = -56. Let s be (-6)/(-33) + 40/l. Suppose -k - 28 = -s*k + 3*w, w = 0. List the prime factors of k.
2, 7
Suppose -4376 = -25*p + 15174. List the prime factors of p.
2, 17, 23
Let t = 26 - 21. Suppose u - 49 - t = 0. What are the prime factors of u?
2, 3
Let p be (1 + 0 - 4)*-1. Let b be -1*(1 - p)*70. Suppose j + 3*j = b. What are the prime factors of j?
5, 7
Let s = 163 - 57. Suppose -4*c + 66 = -s. List the prime factors of c.
43
Let y = 223 - 253. Suppose 5*q - 145 = 5*d, -4*q + 133 = -5*d - 5*q. Let h = d - y. What are the prime factors of h?
3
Let j be 4/12 - 242/6. Let w = j - 6. Let y = -22 - w. List the prime factors of y.
2, 3
Let f = 4 - -33. Suppose -134 = -3*w + f. List the prime factors of w.
3, 19
Suppose 0 = 5*y - 3*t + 2*t - 901, 0 = -y + 2*t + 182. What are the prime factors of y?
2, 3, 5
Let k = -1 - -1. Let u(h) = -h + 4. Let b be u(k). Suppose 0 = -g + 4*w + 29, -g + 3*g - b*w = 74. List the prime factors of g.
3, 5
Let a = 19 - 13. Suppose -3*f = 2*n - a*n + 39, -4*f = 3*n + 2. What are the prime factors of 176/6 + 4/n?
2, 3, 5
Suppose 8780 + 518 = 4*w - 2*u, 4*u + 9288 = 4*w. List the prime factors of w.
13, 179
Let y(k) = -5*k**3 + 14*k + 10. Let i be y(-5). Suppose 0 = -0*d + 5*d - i. List the prime factors of d.
113
Let w = 662 + -308. List the prime factors of w.
2, 3, 59
Suppose 0 = 2*r - 267 - 487. What are the prime factors of r?
13, 29
Let b be (5 - 2) + -3 - -46. Let x(d) = d**2 + 17*d - 27. Let a be x(-18). Let r = a + b. What are the prime factors of r?
37
Let w(p) = -11*p + 9. Let f be w(6). Let b = f - -135. What are the prime factors of b?
2, 3, 13
Suppose 2*u = 4*u - 186. Suppose 5*k = r - 5*r + 128, -3*k = 3*r - u. What are the prime factors of r?
3
Let f be 3/(-1 + 7/4). Let x(d) = 5*d + 35. Let r be x(6). Suppose u + f*u - 5*l - r = 0, 89 = 5*u + l. List the prime factors of u.
17
Let z be 4/24 - (-3)/(-18). Suppose r - 50 = -z. What are the prime factors of r?
2, 5
Let g(c) = -c**3 + 17*c**2 - 28*c + 226. List the prime factors of g(15).
2
Suppose -5*r - 3*a = a - 100, -5*r + 100 = -3*a. Let y = 86 + r. List the prime factors of y.
2, 53
Let i(y) = -322*y - 236. List the prime factors of i(-7).
2, 1009
Let f(s) = 11 + 5*s + s + 17 + s**2 + 9*s. List the prime factors of f(-18).
2, 41
Suppose -9*t - 7*t + 14784 = 0. What are the prime factors of t?
2, 3, 7, 11
Suppose 25101 = 70*q - 158929. List the prime factors of q.
11, 239
Suppose 0 = -4*g - 2*k - 3*k + 3, -5*k = 5. Suppose 5*a - g*q = -8, -3*a + 7*q - 5*q - 8 = 0. What are the prime factors of (-64)/(-2) - a/(-6)?
2
Let l = 4 - 1. Suppose w + 181 = -l*z + 7*z, -2*z - 2*w + 98 = 0. Suppose -3*t + 42 = 3*p, 2*t - z = -t + p. List the prime factors of t.
3, 5
Suppose -9*o + 12 = -3*o. Suppose 46 = g + 2*q, q = o*g - 2*q - 99. What are the prime factors of g?
2, 3
Let z = 2 + 3. Let s be (2/(-8))/(z/(-20)). List the prime factors of s*3 + 28 + -6.
5
Suppose 114 = 3*j + 18. List the prime factors of (-4 - (-1 + 0)) + j.
29
Let p(h) = -6*h**3 - 6*h**2 - 3*h - 10. Let v be p(-4). Suppose -a - f = -227, a - 4*f + 48 = v. What are the prime factors of a?
2, 5, 23
Suppose 8*f - 2*f = 1602. What are the prime factors of f?
3, 89
Let p be (-3 - -5)/(0 - (-6)/(-423)). Let b = -75 - p. What are the prime factors of b?
2, 3, 11
Let g(q) = 2*q. Let y be g(3). Let w(j) = -j**2 + 6*j - 1. Let v be w(y). What are the prime factors of (v/(-3))/((-1)/(-57))?
19
Suppose 36*g = 28*g + 5304. What are the prime factors of g?
3, 13, 17
Suppose -6*a = 6*a - 1284. Suppose -10 = g - a. List the prime factors of g.
97
What are the prime factors of (-16533)/(-8) + (-45)/(-120)?
3, 13, 53
Let h = 24 - 40. Let t be 0*-2*(-4)/h. Suppose -m - 24 + 95 = 5*j, t = 3*m + 2*j - 200. What are the prime factors of m?
2, 3, 11
Suppose -2*k = -0*k - 16. Let s = -13 + k. List the prime factors of 8/(-20) + (-162)/s.
2
What are the prime factors of (-96237)/(-357) + 6/14?
2, 3, 5
Let r(b) = -b**3 + 12*b**2 - 13*b + 6. Let c be r(9). Let h = 273 - c. What are the prime factors of h?
3, 47
Let g(j) = -j**3 + 3*j**2 + 3*j + 9. Let p be g(4). Suppose p*q - 208 + 78 = 0. What are the prime factors of q?
2, 13
Let k = -7 - -2. Let s be k/(-5) - (9 + -1). What are the prime factors of (54 + -1)*(-6 - s)?
53
Let m(c) = -1. Let n(g) = 11*g - 16. Let x(s) = -4*m(s) + n(s). What are the prime factors of x(4)?
2
Let r(g) = g**3 + 8*g**2 + 11*g. Let s be r(-6). Suppose 4*z = -3*d + 448, s*d - 20 = d. List the prime factors of z.
109
Let a = 8 - -77. Suppose a + 128 = 3*q. What are the prime factors of q?
71
Suppose -35*g - 2*y + 1849 = -34*g, 3*y = 3*g - 5511. What are the prime factors of g?
7, 263
What are the prime factors of (-24)/(-78) - 67731/(-39)?
3, 193
Let q(s) = 2*s**2 - 7*s - 78. List the prime factors of q(24).
2, 3, 151
Suppose 0 = 4*n + 2*g + 10, 4*n - 10 = -0*g + 2*g. Suppose n*q - 49 = -q. List the prime factors of q.
7
Let v(l) = -l**3 - 4*l**2 + 2*l + 8. Suppose 0 = 3*s - s + 8. Let r be v(s). Suppose 4*n = -5*x - r*n + 326, 2*n - 328 = -5*x. List the prime factors of x.
2, 3, 11
Let m = -7 + 124. List the prime factors of m.
3, 13
Let b(t) = 4*t**3 + 2*t**2 - 8*t - 4. Let v be b(-5). Let w be (-9)/18 + v/(-4). Let m = w + -60. List the prime factors of m.
43
Let w(y) = -2*y + 5*y - 7 - 2*y + 15. Let x = 5 + -1. What are the prime factors of w(x)?
2, 3
Let t(h) = h**3 + h**2 - h + 2. Let m be t(2). What are the prime factors of 4*(-3 - (-183)/m)?
7
Suppose -3 = -3*a, 21*x = 26*x - 5*a - 405. List the prime factors of x.
2, 41
Suppose u - 4*t - 2003 = -217, -3*u = -5*t - 5358. List the prime factors of u.
2, 19, 47
Suppose 0 = v - 0*v + 2*o + 6, -4*v + o - 15 = 0. Let q(a) = a**3 + 4*a**2 - 5*a + 1. List the prime factors of q(v).
3, 7
Let b be (26/(-65))/(2/(-10)). Suppose 4*w - 2*f - 52 = b*f, f - 59 = -5*w. What are the prime factors of w?
2, 3
Let p = 2244 + -1390. List the prime factors of p.
2, 7, 61
Let a = 298 + -98. Suppose 0 = -7*x - a + 606. What are the prime factors of x?
2, 29
Suppose -6*p + 48 = -0*p. Let i(u) = u**2 + 4*u - 29. List the prime factors of i(p).
67
Suppose -2*x + z + 260 = 0, -5*x + z + 890 - 240 = 0. Let v = x - 42. Suppose 4*u - 2*u - v = 0. What are the prime factors of u?
2, 11
Let h = -1079 - -1262. List the prime factors of h.
3, 61
Let z(m) = m**2 + 7*m + 8. Let t be z(-12). Let v = t + -22. List the prime factors of v.
2, 23
Let q(o) = 5*o**2 - 15*o + 75. List the prime factors of q(7).
5, 43
Suppose -g - 18 = -0. What are the prime factors of (-72)/g + -3 + 1?
2
List the prime factors of (-26803)/(-15) + (64/(-30))/(-16).
1787
Suppose -4*w = -5*w - 4. List the prime factors of (-222)/(-12) - 6/w.
2, 5
Suppose 47*l = -9*l + 78344. List the prime factors of l.
1399
Suppose -16*l + 9*l + 4655 = 0. Suppose -5*s - 163 = -g, -l = -0*g - 5*g - 5*s. What are the prime factors of g?
2, 3, 23
Let x(g) = -g**3 - 13*g**2 - 7*g - 10. Let z be x(-13). Let l = 145 - z. List the prime factors of l.
2
Suppose 0 = 51*k - 89*k + 175028. List the prime factors of k.
2, 7, 47
Suppose -11*b + 17 + 38 = 0. Suppose -b*q = -0*q - y - 546, -2*y = -8. List the prime factors of q.
2, 5, 11
Let k = -8 - -9. Let j be 4/k + (-120)/(-1). Suppose j = 3*t + 2*m, -m = 2*t + m - 80. List the prime factors of t.
2, 11
Suppose 12*v = 2788 - 676. List the prime factors of v.
2, 11
Let k = 1 + 0. Let o be 3/(-1) - -10 - k. Suppose o*l = l + 60. What are the prime factors of l?
2, 3
Suppose 5*z - 3*f = 10 - 1, 2*z - 5*f = -4. Suppose -z*o + 32 = -0*h + h, o + 2*h - 4 = 0. What are the prime factors of o?
2, 3
Suppose x - 2*x = 3*x. Suppose x*w - 2*w + 190 = 0. List the prime factors of w.
5, 19
Let z = 1673 + -256. List t